s 13 a factor of l?
False
Suppose 2*c + 5 = 11. Let y = 12 - c. Is 9 a factor of y?
True
Suppose 3*v - 507 + 85 = -j, -4*j = -v + 132. Is v a multiple of 35?
True
Let z(r) = -r**2 + r + 1. Let v(w) = -3*w**2 - 5*w + 6. Let u(x) = v(x) - 2*z(x). Let p be u(-7). Suppose p*j - 1 - 23 = 0. Does 3 divide j?
True
Suppose -3 + 28 = 5*k. Is k even?
False
Let g(d) = 4*d + 18*d - 6*d - 1. Is 14 a factor of g(1)?
False
Let m(t) = 5*t. Let f be m(1). Suppose -5*u = -f*v - 165, -4*u + v + 135 = -4*v. Does 11 divide u?
False
Suppose 85*s - 375 = 82*s. Does 31 divide s?
False
Does 22 divide 276/(2 - -1) + -4?
True
Let d(w) = 31*w**3 - w. Let m = -11 + 17. Let v be (m/9)/((-4)/(-6)). Is d(v) a multiple of 15?
True
Let f(b) = 2*b**2 - 3*b + 13. Let o(p) = 3*p**2 - 4*p + 14. Let k(j) = 4*f(j) - 3*o(j). Let v(c) = c - 1. Let r be v(1). Does 10 divide k(r)?
True
Let m = 134 + -61. Is 21 a factor of m?
False
Is (59/(-2) + -3)*6/(-5) a multiple of 13?
True
Let w = -75 + 175. Suppose -m - w = -6*m. Does 10 divide m?
True
Let g(h) = -8*h**2 + 3 + 7*h**2 + 2*h - h**3 + 8*h**2. Let c be g(7). Let f = c - -13. Is f a multiple of 15?
True
Suppose -5*i - 480 = -13*i. Is 15 a factor of i?
True
Let h(k) = 110*k + 7. Does 13 divide h(1)?
True
Let u(q) = -6*q - 3. Let c = 1 - -3. Suppose x = -c*x - 15. Does 7 divide u(x)?
False
Suppose 2*w - 27 = -h, 0 = 4*h - w - 0*w - 108. Is 6 a factor of h?
False
Suppose 3*h - 4*d = 5*h - 64, -2*d + 88 = 3*h. Suppose m - 6 = -h. Let o = 32 + m. Does 5 divide o?
True
Let h be (-4 + 1)/(3/4). Let k be (-1 - -2) + (-2 - -2). Let s = k - h. Does 4 divide s?
False
Let z(j) = -j**2 - 9*j - 3. Let q be z(-6). Suppose 0 = 4*r - 9*r + q. Suppose r = -2*d + 23. Is d a multiple of 4?
False
Suppose 0 = -4*x + 3*b + 322, 332 = 4*x + 4*b - 2*b. Is 5 a factor of x?
False
Let b(u) = 3*u + 2. Let x be b(-2). Let z be 6/15 + (-108)/20. Is 11 a factor of x/(-2) - (-14 - z)?
True
Suppose -3*b - 2*i = -19, 3*b - 39 = 5*i - 2*i. Is b a multiple of 3?
True
Let b(w) = 3*w**2 + 3 + 3*w - 3*w - w**3 + 4*w. Let k = -22 + 20. Does 6 divide b(k)?
False
Suppose -2*n + 82 = 2*y, -5*y + 4*n + 0*n = -241. Is 9 a factor of y?
True
Let w(x) = -12*x + 6. Is 7 a factor of w(-3)?
True
Let a be (-1 + (-2)/(-6))*-3. Suppose -4*y + 9 + 2 = s, -3*y = -6. Suppose s*z - 4*p = 49, 0*z = -z - a*p + 13. Is z a multiple of 15?
True
Suppose -21 = 4*i - 5*i. Let c = -4 + 6. Suppose i = 3*f - g - c*g, 3*f = 2*g + 19. Does 2 divide f?
False
Suppose -6 - 2 = -4*r. Suppose -v + 3*v = -r*b + 22, -3*v - 47 = -5*b. Is 3*(-2)/b*-5 even?
False
Let l(z) = z**2 - z - 1. Let s be -11*3/3*-1. Let c = s - 6. Is 19 a factor of l(c)?
True
Let o be (-1 + 0 - -5)*1. Let n = 1 - -1. Suppose 3*f - i - 5 - n = 0, 0 = o*i - 8. Is f a multiple of 3?
True
Let z(s) = 5*s + 72. Is 6 a factor of z(-12)?
True
Let z be -2*1 - -51 - 1. Suppose -4*k + 0*k = -z. Is 6 a factor of k?
True
Let a be -6 - -3 - 80/(-2). Let c = a - 9. Is 15 a factor of c?
False
Let b(z) = -z**2 - 10*z - 13. Does 3 divide b(-3)?
False
Let n(q) = 9*q - 32*q**3 + 0*q + 4*q - 5 - 5*q**2. Let r(m) = 8*m**3 + m**2 - 3*m + 1. Let h(u) = -2*n(u) - 9*r(u). Does 3 divide h(-1)?
True
Let g(c) be the first derivative of -c**4/4 + 5*c**2/2 + 4*c - 7. Is 11 a factor of g(-4)?
False
Suppose 9*w = 14*w - 220. Let k = w + -26. Is 17 a factor of k?
False
Suppose -3*w = -0*w - 189. Is 9 a factor of w?
True
Let g(z) = 18*z - 11. Suppose 0 = -4*i - t + 28, 5*i = 3*t - 5 + 23. Does 31 divide g(i)?
False
Let m = 69 + -11. Suppose 3*d - m = -5*l, 5*l - 3*d - 11 = 41. Is l a multiple of 11?
True
Is 338/10 + 4/(-5) a multiple of 9?
False
Let d = -13 - -22. Suppose -3*k + 8*k + 11 = 2*l, k = -4*l + 11. Let a = l + d. Is a a multiple of 4?
True
Let l(o) = o**3 - 3*o**2 - 5*o - 7. Is l(5) a multiple of 4?
False
Suppose -2*r = 3*r - 90. Let t be (-2)/4 + 549/r. Let h = t - 10. Is h a multiple of 20?
True
Suppose -5*k + 28 = 4*z - k, 4*z - 2*k = 10. Let m(o) = o - 1. Let y be m(z). Is 2 a factor of (-1)/y - 48/(-9)?
False
Let l(w) = 7*w**2 + 2*w - 4. Let z be l(-3). Suppose 5*u - 72 = z. Is 12 a factor of u?
False
Let l(o) = -o**3 - 6*o**2 - 2. Let y be l(-6). Let x(u) = -2*u + 2. Let r be x(9). Is 5 a factor of 0 - 2 - (r - y)?
False
Suppose 0*x + 3*x - 90 = 0. Is x a multiple of 9?
False
Let n(a) be the second derivative of a**3/2 - a**2 - a. Let m be n(-6). Let v = 51 + m. Does 11 divide v?
False
Let d(n) = n**2 + 3*n - 10. Is 4 a factor of d(-10)?
True
Let v = 103 + -87. Does 2 divide v?
True
Let l = -3 - -5. Let a be 0/(-2)*l/4. Suppose -j + 3 + 17 = a. Is j a multiple of 20?
True
Suppose w = -0*w. Let c = -2 + w. Does 17 divide c/5 - (-516)/15?
True
Let s be 4 + -6 + -1 - -8. Let t(a) = a**3 - 6*a**2 - 2*a - 9. Let o(v) = -2*v**3 + 12*v**2 + 5*v + 19. Let g(h) = -6*o(h) - 13*t(h). Is 3 a factor of g(s)?
False
Suppose 5*n + 9*z = 4*z + 70, 2*n + 5*z - 28 = 0. Does 12 divide (-592)/(-14) - 4/n?
False
Is 21*(-4)/9*-3 a multiple of 14?
True
Let z = 9 - 5. Suppose -5*m + 324 = -2*c, -4*m + z*c = -175 - 89. Suppose -3*y + 2*x + m = 0, 2*x + x + 41 = 2*y. Is 11 a factor of y?
True
Let i = 255 + -122. Is 16 a factor of i?
False
Let r = 8 + 6. Is 9 a factor of r?
False
Let o = -25 + 24. Does 3 divide ((-10)/20)/(o/12)?
True
Suppose 471 = 5*k + 71. Does 10 divide k?
True
Suppose 4*n + 5*i - 6 - 24 = 0, -3*n = 2*i - 26. Suppose -n - 6 = -2*m. Is m a multiple of 4?
True
Let i be (2 + 0)/(4/10). Suppose 4 = -m + 9. Does 6 divide (-2)/i + 47/m?
False
Suppose -5*t - 10 = -10*t. Suppose -h - 9 = 4*x, 1 = 3*h - 0*h + 5*x. Is h/t - (-4)/(-8) a multiple of 3?
True
Let n = -70 + 76. Is n a multiple of 3?
True
Let n(i) = 9*i - 1. Let a = 11 - 6. Suppose -a*o + 15 = -0*o. Is n(o) a multiple of 15?
False
Let s(j) = 467*j**2 + 2*j. Is 30 a factor of s(-1)?
False
Is 3 a factor of 2/(-8) + (-66)/(-8)?
False
Let j(m) = 3*m + 2*m - 4*m - 2. Let v be j(5). Suppose -30 = -v*c + 5*s, s + 4 = 2*c - 9. Is 5 a factor of c?
True
Suppose -3*p = -5*x + 81, -x + 5*x = 3*p + 66. Suppose -4*s + x = -1. Suppose 0*l - 112 = -s*l. Is l a multiple of 11?
False
Suppose -2*f + 42 = 5*q, -f - 2*f + 3*q + 84 = 0. Is 26 a factor of f?
True
Let z(k) = k**3 - 6*k**2 + 6*k - 2. Let m be z(5). Suppose m*w - 100 = -w. Suppose -1 = 3*u - w. Is u a multiple of 4?
True
Let c(k) = -3*k + 11. Let f be c(8). Let n = 25 + f. Does 12 divide n?
True
Let u = -11 + 15. Suppose -u*r + 173 = 5*a, -3*r + 5*a - 131 = -6*r. Is r a multiple of 21?
True
Let c(w) = 144*w**3 + 2*w**2 - 2*w + 1. Does 29 divide c(1)?
True
Suppose -2*y = -0*p - 5*p - 62, 2*y - 34 = -2*p. Let n = y - 0. Does 21 divide n?
True
Let c(m) = -m**3 - 7*m**2 + 4. Let j be c(-7). Let y(n) be the first derivative of -n**3/3 + 3*n**2 + 2*n - 1. Does 10 divide y(j)?
True
Let l(w) = 2*w**2 + 1. Let m be l(2). Is 24 a factor of (-6)/m*3 + 52?
False
Suppose -j + 4*r - 6*r + 56 = 0, -4*j + 236 = 5*r. Let d = j + -33. Is 9 a factor of d?
False
Let r(w) = w**2 + 2*w - 5. Is r(-9) a multiple of 39?
False
Let j = 46 + -30. Suppose h = -0*h + j. Is 16 a factor of h?
True
Suppose -3*c = -3*v + 309, -7*c + 3*c + 388 = 4*v. Is 4 a factor of v?
True
Let x(q) = -q**3 + 0 - 6 - 9*q**2 + 5*q + 5*q. Let i be x(-10). Let z(k) = -5*k - 9. Is 21 a factor of z(i)?
True
Let q be (1/3)/((-9)/(-27)). Does 21 divide (q - (4 - 3)) + 21?
True
Suppose -5*p - 5*b + 160 = 0, 0*b - 4*b = 3*p - 101. Is p a multiple of 27?
True
Let s(g) = -g**2 + 5*g + 4. Let k(i) = i**2 - 5*i - 5. Let r(c) = -2*k(c) - 3*s(c). Is 22 a factor of r(8)?
True
Let y(q) = -7*q + 2*q - 15*q + 1 + 2*q. Let z be y(6). Let l = -75 - z. Is l a multiple of 14?
False
Is 10 a factor of -25*(-1 + 2/(-10))?
True
Let v = 107 - 55. Is 14 a factor of v?
False
Is 202 + -8 - (-1 + (1 - -2)) a multiple of 12?
True
Let c(k) = 3*k**2 + 2*k - 7. Is 11 a factor of c(-4)?
True
Let w(d) = d**2 + 12*d - 5. Let u = -6 + -7. Is w(u) a multiple of 4?
True
Suppose 0*s - 4*s + 8 = 0. Is s even?
True
Let g be (-2 + 1)*(-6 + 1). Let w = g - -1. Is 6 a factor of w?
True
Let l = 10 - 6. Suppose 4*m - 24 = -l. Does 3 divide m?
False
Suppose 159 = 2*p - 61. Is p a multiple of 22?
True
Let j(c) = 84*c**3 - c**2 + 5*c - 1. Let u(a) = 167*a**3 - 2*a**2 + 11*a - 2. Let o(m) = -13*j(m) + 6*u(m). Does 13 divide o(-1)?
True
Suppose 4*r - 10 = 18. Let i be (1 +